{"id":677,"date":"2017-08-21T17:07:40","date_gmt":"2017-08-21T15:07:40","guid":{"rendered":"http:\/\/www.atreutte.at\/?page_id=677"},"modified":"2023-01-23T11:21:33","modified_gmt":"2023-01-23T10:21:33","slug":"team-at-network","status":"publish","type":"page","link":"https:\/\/www.atreutte.at\/?page_id=677","title":{"rendered":"Team at network"},"content":{"rendered":"<table>\n<colgroup>\n<col width=\"60\" \/>\n<col width=\"100\" \/> <\/colgroup>\n<tbody>\n<tr>\n<td><img loading=\"lazy\" decoding=\"async\" class=\"aligncenter\" src=\"http:\/\/www.atreutte.at\/wp-content\/uploads\/2017\/07\/foto_m\u00fcller_reutte841-1.jpg\" alt=\"\" width=\"175\" height=\"263\" align=\"right\" \/><\/td>\n<td style=\"text-align: left;\"><span style=\"color: #19d71e;\"><b>Christoph Koler (MMag)<br \/>\n<\/b><\/span><b>Steuerberater<\/b><br \/>\nGesch\u00e4ftsf\u00fchrer und Gr\u00fcnder<br \/>\nder at reutte Steuerberatungs GmbH<br \/>\n<a href=\"mailto:ck@atreutte.at\">ck@atreutte.at <\/a>+43 5672\/ 62257-0<\/td>\n<\/tr>\n<tr>\n<td><img loading=\"lazy\" decoding=\"async\" class=\"aligncenter\" src=\"http:\/\/www.atreutte.at\/wp-content\/uploads\/2017\/07\/foto_m\u00fcller_reutte835.jpg\" alt=\"\" width=\"175\" height=\"263\" align=\"right\" \/><\/td>\n<td style=\"text-align: left;\"><span style=\"color: #19d71e;\"><b>Sabine Lechleitner<\/b><\/span><br \/>\n<b>Bilanzbuchhalterin, Personalverrechnerin<\/b><br \/>\n<a href=\"mailto:sl@atreutte.at\">sl@atreutte.at <\/a>+43 5672\/ 62257-0<\/td>\n<\/tr>\n<tr>\n<td><img loading=\"lazy\" decoding=\"async\" class=\"aligncenter\" src=\"http:\/\/www.atreutte.at\/wp-content\/uploads\/2017\/12\/foto_m\u00fcller_reutte845.jpg\" alt=\"\" width=\"175\" height=\"263\" align=\"right\" \/><\/td>\n<td style=\"text-align: left;\"><span style=\"color: #19d71e;\"><b>Doris Lagger<\/b><\/span><br \/>\n<b>Bilanzbuchhalterin, Personalverrechnerin<\/b><br \/>\n<a href=\"mailto:dl@atreutte.at\">dl@atreutte.at <\/a>+43 5672\/ 62257-0 <b> <\/b><\/td>\n<\/tr>\n<tr>\n<td><img loading=\"lazy\" decoding=\"async\" class=\"aligncenter\" src=\"http:\/\/www.atreutte.at\/wp-content\/uploads\/2017\/07\/foto_m\u00fcller_reutte833-1.jpg\" alt=\"\" width=\"175\" height=\"263\" align=\"right\" \/><\/td>\n<td style=\"text-align: left;\"><span style=\"color: #19d71e;\"><b>Dunja Schretter<\/b><\/span><br \/>\n<b>Buchhalterin<\/b><br \/>\n<a href=\"mailto:bh@atreutte.at\">bh@atreutte.at <\/a>+43 5672\/ 62257-0<\/td>\n<\/tr>\n<tr>\n<td><img loading=\"lazy\" decoding=\"async\" class=\"aligncenter\" src=\"https:\/\/www.atreutte.at\/wp-content\/uploads\/2023\/01\/Unbenannt.png\" alt=\"\" width=\"175\" height=\"263\" align=\"right\" \/><\/td>\n<td style=\"text-align: left;\"><span style=\"color: #19d71e;\"><b>Isabella Schendel<\/b><\/span><br \/>\n<b>Buchhalterin, Assistenz Personalverrechnung<\/b><br \/>\n<a href=\"mailto:is@atreutte.at\">is@atreutte.at <\/a>+43 5672\/ 62257-0<\/td>\n<\/tr>\n<tr>\n<td><img loading=\"lazy\" decoding=\"async\" class=\"aligncenter\" src=\"https:\/\/www.atreutte.at\/wp-content\/uploads\/2023\/01\/Unbenannt.png\" alt=\"\" width=\"175\" height=\"263\" align=\"right\" \/><\/td>\n<td style=\"text-align: left;\"><span style=\"color: #19d71e;\"><b>Birgit Fuchs<\/b><\/span><br \/>\n<b>Buchhalterin, Sekretariat<\/b><br \/>\n<a href=\"mailto:bh@atreutte.at\">bh@atreutte.at <\/a>+43 5672\/ 62257-0<\/td>\n<\/tr>\n<tr>\n<td><img loading=\"lazy\" decoding=\"async\" class=\"aligncenter\" src=\"https:\/\/www.atreutte.at\/wp-content\/uploads\/2023\/01\/Unbenannt.png\" alt=\"\" width=\"175\" height=\"263\" align=\"right\" \/><\/td>\n<td style=\"text-align: left;\"><span style=\"color: #19d71e;\"><b>Beate Scheidle<\/b><\/span><br \/>\n<b>Buchhalterin<\/b><br \/>\n<a href=\"mailto:bh@atreutte.at\">bh@atreutte.at <\/a>+43 5672\/ 62257-0<\/td>\n<\/tr>\n<tr>\n<td style=\"text-align: center;\"><a href=\"http:\/\/www.atinn.at\/?page_id=598\"><img loading=\"lazy\" decoding=\"async\" class=\"aligncenter\" src=\"http:\/\/www.atinn.at\/wp-content\/uploads\/2017\/06\/SaschaWehoferneu.jpg\" alt=\"\" width=\"175\" height=\"263\" align=\"right\" \/><\/a><\/td>\n<td style=\"text-align: left;\"><b><span style=\"color: #19d71e;\"><b>Sascha Wehofer (Mag)<br \/>\n<\/b><\/span><\/b><b>Wirtschaftspr\u00fcfer und Steuerberater<\/b><br \/>\nGesch\u00e4ftsf\u00fchrer und Gr\u00fcnder<br \/>\nder at inn Wirtschaftspr\u00fcfungs GmbH<br \/>\n<a href=\"mailto:sw@atinn.at\">sw@atinn.at <\/a>+43 650\/910 910 0<\/td>\n<\/tr>\n<tr>\n<td><img loading=\"lazy\" decoding=\"async\" class=\"aligncenter\" src=\"http:\/\/www.atinn.at\/wp-content\/uploads\/2017\/06\/ThomasAmadorineu.jpg\" alt=\"\" width=\"175\" height=\"263\" align=\"right\" \/><\/td>\n<td style=\"text-align: left;\"><span style=\"color: #19d71e;\"><b>Thomas Amadori (MSc)<br \/>\n<\/b><\/span><b>Steuerberater, Manager<\/b><\/p>\n<p style=\"text-align: left;\"><a href=\"mailto:sw@atinn.at\">ta@atinn.at <\/a>+43 660\/11 33 914<\/p>\n<\/td>\n<\/tr>\n<\/tbody>\n<\/table>\n","protected":false},"excerpt":{"rendered":"<p>Christoph Koler (MMag) Steuerberater Gesch\u00e4ftsf\u00fchrer und Gr\u00fcnder der at reutte Steuerberatungs GmbH ck@atreutte.at +43 5672\/ 62257-0 Sabine Lechleitner Bilanzbuchhalterin, Personalverrechnerin sl@atreutte.at +43 5672\/ 62257-0 Doris Lagger Bilanzbuchhalterin, Personalverrechnerin dl@atreutte.at +43 5672\/ 62257-0 Dunja Schretter Buchhalterin bh@atreutte.at +43 5672\/ 62257-0 Isabella Schendel Buchhalterin, Assistenz Personalverrechnung is@atreutte.at +43 5672\/ 62257-0 Birgit Fuchs&#8230;<\/p>\n","protected":false},"author":1,"featured_media":0,"parent":0,"menu_order":0,"comment_status":"closed","ping_status":"closed","template":"","meta":{"footnotes":""},"class_list":["post-677","page","type-page","status-publish","hentry"],"aioseo_notices":[],"_links":{"self":[{"href":"https:\/\/www.atreutte.at\/index.php?rest_route=\/wp\/v2\/pages\/677","targetHints":{"allow":["GET"]}}],"collection":[{"href":"https:\/\/www.atreutte.at\/index.php?rest_route=\/wp\/v2\/pages"}],"about":[{"href":"https:\/\/www.atreutte.at\/index.php?rest_route=\/wp\/v2\/types\/page"}],"author":[{"embeddable":true,"href":"https:\/\/www.atreutte.at\/index.php?rest_route=\/wp\/v2\/users\/1"}],"replies":[{"embeddable":true,"href":"https:\/\/www.atreutte.at\/index.php?rest_route=%2Fwp%2Fv2%2Fcomments&post=677"}],"version-history":[{"count":28,"href":"https:\/\/www.atreutte.at\/index.php?rest_route=\/wp\/v2\/pages\/677\/revisions"}],"predecessor-version":[{"id":870,"href":"https:\/\/www.atreutte.at\/index.php?rest_route=\/wp\/v2\/pages\/677\/revisions\/870"}],"wp:attachment":[{"href":"https:\/\/www.atreutte.at\/index.php?rest_route=%2Fwp%2Fv2%2Fmedia&parent=677"}],"curies":[{"name":"wp","href":"https:\/\/api.w.org\/{rel}","templated":true}]}}